
Let c(u) = u**3 + 2*u**2 + 2*u - 1. Calculate c(-3).
-16
Let y(j) = 8*j**3 - j**2 + 4*j + 4. What is y(-1)?
-9
Let g(d) = 2*d**3 + 11*d**2 + 15*d + 120. What is g(-6)?
-6
Let r(l) = l**3 - 9*l**2 - 12*l + 19. Determine r(10).
-1
Let y(c) = 2*c**2 - 21*c - 11. Give y(9).
-38
Let a(t) = t**3 - 4*t**2 - 3*t + 1. Give a(4).
-11
Let i(x) = -5*x + 6. Calculate i(5).
-19
Let i(g) = 4*g**3 - g**2 + g - 1. Determine i(1).
3
Let v(z) = 24*z + 381. Give v(-16).
-3
Let b(k) = -k**2 + 44*k + 195. Give b(-4).
3
Let h(i) = 37*i + 71. What is h(-2)?
-3
Let u(m) = m**2 - 7*m + 2. What is u(5)?
-8
Let u(c) = c**3 + c**2 - 15*c - 17. Determine u(-4).
-5
Let l(g) = -g**3 - 8*g**2 + 8*g + 5. Determine l(-9).
14
Let b(v) = 4*v - 1. What is b(-1)?
-5
Let q(i) = -4*i + 138. Determine q(37).
-10
Let a(x) = -2*x + 10. Calculate a(-2).
14
Let x(d) = 3*d + 10. Determine x(2).
16
Let v(m) = -2*m**3 - 8*m**2 + 23*m - 14. What is v(-6)?
-8
Let v(d) = d**2 - 15*d - 22. Determine v(16).
-6
Let h(o) = 10*o + 107. What is h(-13)?
-23
Let w(i) = -i**2 - 21*i - 91. Calculate w(-15).
-1
Let i(z) = z**3 + z**2 + 2*z - 4. Calculate i(0).
-4
Let p(v) = 6*v**2 + 5*v + 5. What is p(5)?
180
Let i(h) = 11*h. What is i(-1)?
-11
Let f(u) = -u**2 - 12*u - 9. Give f(-4).
23
Let i(b) = b**3 - 16*b**2 - 15*b - 39. Determine i(17).
-5
Let j(s) = 4*s - 40. Give j(12).
8
Let h(f) = -11*f - 1. Calculate h(-1).
10
Let t(l) = -2*l - 9. Calculate t(3).
-15
Let h(y) = y**2 + 3*y + 2. What is h(-1)?
0
Let o(w) = -30*w - 8. Calculate o(-2).
52
Let c(m) = -m**2 + 3*m + 5. Determine c(4).
1
Let i(p) = -p + 2. Determine i(7).
-5
Let y(m) = -m**2 + 21*m + 3. Give y(21).
3
Let i(c) = 2*c**3 + 41*c**2 - 22*c - 17. Calculate i(-21).
4
Let j(v) = -v**3 - 16*v**2 - 12*v + 17. Calculate j(-15).
-28
Let c(m) = m**3 - 18*m**2 + 15*m + 20. Determine c(17).
-14
Let v(y) = 3*y - 4. What is v(-6)?
-22
Let r(m) = m**3 + 10*m**2 + 18*m + 11. What is r(-8)?
-5
Let w(m) = -3*m + 29. Calculate w(5).
14
Let x(c) = -c**3 + 5*c**2 + 7*c + 3. What is x(6)?
9
Let a(y) = -y + 5. Give a(10).
-5
Let y(d) = d**3 + 2*d**2 + 3*d + 7. Calculate y(-3).
-11
Let a(l) = -38*l**2 + l + 2. What is a(-1)?
-37
Let t(o) = o**3 - 11*o**2 - 2*o + 2. Give t(11).
-20
Let h(i) = -7*i**2 + 4*i - 3. Determine h(1).
-6
Let a(z) = 2*z**3 - 16*z**2 + 32*z - 5. Give a(5).
5
Let m(u) = -5*u - 10. Determine m(-3).
5
Let o(m) = -m**3 + 4*m**2 - 4*m + 1. Calculate o(5).
-44
Let w(a) = -a - 11. Give w(-17).
6
Let h(n) = 3*n**3 + 2*n**2 + n - 2. Give h(2).
32
Let q(z) = z**3 - 17*z**2 - 18*z - 3. Give q(18).
-3
Let c(g) = g**3 + 17*g**2 + 14*g + 2. Calculate c(-16).
34
Let y(b) = b - 2. What is y(4)?
2
Let j(k) = -k**3 + 15*k**2 - 2*k + 11. Determine j(15).
-19
Let l(x) = -x**2 + 9*x + 14. Give l(8).
22
Let t(r) = r**2 + 9*r + 10. Calculate t(-6).
-8
Let l(a) = -4*a + 4. Give l(5).
-16
Let n(c) = 4*c - 4. Calculate n(-1).
-8
Let u(c) = 4*c - 13. Determine u(8).
19
Let x(u) = 2*u**2 + 20*u - 9. Calculate x(-11).
13
Let h(u) = 32*u + 290. Give h(-9).
2
Let n(r) = r**2 - 4*r - 45. What is n(-6)?
15
Let o(t) = -t**3 + 9*t**2 + 2*t - 11. Calculate o(9).
7
Let i(m) = 3*m**3 - m**2 + 2*m - 2. Calculate i(2).
22
Let c(n) = 22*n**2 - 27*n - 1. Calculate c(1).
-6
Let i(o) = 23*o - 4. Calculate i(-3).
-73
Let x(p) = p**3 - 37*p**2 + 35*p - 10. Give x(36).
-46
Let h(l) = l - 2. Determine h(14).
12
Let i(u) = 2*u + 46. Calculate i(-21).
4
Let c(f) = -3*f**3 - 18*f**2 + 2*f + 7. Give c(-6).
-5
Let n(j) = 2*j - 12. Determine n(9).
6
Let q(k) = -k + 5. Determine q(6).
-1
Let d(l) = 2*l**2 - 3*l + 5. Calculate d(-5).
70
Let i(s) = s**2 - 2*s - 14. Calculate i(-6).
34
Let m(q) = q**2 - 24*q + 122. Calculate m(19).
27
Let q(x) = 10*x + 702. Calculate q(-71).
-8
Let p(h) = 2*h**3 - 5*h**2 - 4*h + 4. Give p(3).
1
Let u(d) = -13*d**3 + d**2 - 1. What is u(-1)?
13
Let j(x) = x**2 - 14*x - 19. Determine j(8).
-67
Let j(i) = 4*i + 1. Determine j(-1).
-3
Let k(f) = 19*f - 192. Calculate k(8).
-40
Let x(s) = -53*s - 7. Determine x(-3).
152
Let p(o) = 3*o - 4. Calculate p(-3).
-13
Let z(x) = -x**3 + 3*x**2 + 7*x - 1. Calculate z(0).
-1
Let c(h) = -h**2 - 3*h + 3. Calculate c(-4).
-1
Let y(f) = 2*f + 10. What is y(7)?
24
Let v(k) = 14*k - 91. Give v(6).
-7
Let h(w) = w**2 - 1. Determine h(1).
0
Let a(u) = -2*u - 5. Calculate a(-6).
7
Let p(v) = -10*v - 189. What is p(-18)?
-9
Let b(s) = -s**2 - 33*s - 107. What is b(-4)?
9
Let d(l) = l**3 - 10*l**2 + 7*l + 12. Give d(9).
-6
Let s(j) = j**2 + 9*j - 16. Calculate s(-11).
6
Let w(p) = 5*p**3 - 11*p**2 + 11*p. Give w(1).
5
Let g(v) = -v**3 - 15*v**2 + 12*v - 29. Calculate g(-16).
35
Let u(z) = -2*z - 12. Calculate u(-10).
8
Let d(w) = -28*w - 162. Calculate d(-6).
6
Let o(k) = -k - 10. Give o(-4).
-6
Let k(o) = 3*o - 4. Calculate k(2).
2
Let g(n) = n + 38. Give g(0).
38
Let r(l) = -l**3 - 6*l**2 + 3*l + 12. Give r(-6).
-6
Let v(m) = -8*m. What is v(-9)?
72
Let g(c) = 55*c + 140. Give g(-3).
-25
Let i(y) = -9*y + 6. Give i(-2).
24
Let d(p) = -p**2 + p - 2. What is d(0)?
-2
Let b(q) = 5*q - 8. Give b(3).
7
Let n(t) = t + 13. Give n(-13).
0
Let c(r) = -r**3 - 9*r**2 - 13. Calculate c(-9).
-13
Let r(o) = 5*o + 84. What is r(-11)?
29
Let o(w) = 18*w + 382. Calculate o(-21).
4
Let n(y) = -y**3 + 11*y**2 - 11*y - 72. What is n(9)?
-9
Let m(z) = -z**3 - 3*z**2 + 3*z - 5. Calculate m(-4).
-1
Let i(r) = r + 83. Calculate i(15).
98
Let w(t) = -t**3 - 3*t**2 + 3*t + 5. Calculate w(-3).
-4
Let r(x) = -x**2 + 3*x + 13. Determine r(-3).
-5
Let p(g) = g**3 + 2*g**2 - 8. What is p(2)?
8
Let c(v) = -v**2 - 7*v + 3. Calculate c(-8).
-5
Let x(d) = d**3 - 2*d**2 - 3*d - 1. Give x(3).
-1
Let l(s) = 5*s - 5. Calculate l(-8).
-45
Let j(o) = 3*o + 20. What is j(7)?
41
Let w(k) = k**3 - 5*k**2 + 5*k - 1. Calculate w(4).
3
Let y(i) = 2*i + 31. Give y(-16).
-1
Let l(a) = a**3 + 3*a**2 - 2*a. Give l(-4).
-8
Let f(b) = -3*b + 43. Determine f(14).
1
Let x(b) = -b**3 + 3*b**2 + 2*b - 3. What is x(2)?
5
Let z(c) = 11*c - 78. What is z(6)?
-12
Let x(c) = -4*c + 56. Give x(23).
-36
Let t(f) = -2*f**3 - 2*f**2 + 15*f + 22. What is t(-2)?
0
Let o(p) = -12*p - 1. Give o(1).
-13
Let z(h) = -h**2 - 14*h + 9. What is z(-14)?
9
Let c(y) = 5*y - 15. Give c(6).
15
Let x(o) = -2*o**3 + 22*o**2 - 20*o + 6. Give x(10).
6
Let r(x) = -x**3 + 5*x**2 + 4*x + 7. Determine r(6).
-5
Let k(r) = -r**2 - 7*r - 7. Determine k(-7).
-7
Let x(s) = 79*s**2 - 2*s - 1. What is x(1)?
76
Let k(q) = -12*q**3 + 4*q**2 + 3*q + 1. Calculate k(-1).
14
Let k(r) = -r**3 + 14*r**2 - 18*r + 41. Calculate k(13).
-24
Let q(z) = -z. Determine q(5).
-5
Let q(b) = b + 5. Give q(0).
5
Let t(c) = -2*c**2 + 14*c - 5. Calculate t(6).
7
Let g(d) = d**2 + 5*d - 3. Give g(-5).
-3
Let i(o) = o**2 + 2*o + 6. Give i(0).
6
Let m(d) = -d**3 + 15*d**2 - 13*d - 14. Calculate m(14).
0
Let r(k) = -k. What is r(-6)?
6
Let u(i) = -13*i - 3. Give u(2).
-29
Let t(k) = k**2 + k + 1. Give t(-5).
21
Let l(f) = 3*f + 8. Give l(-6).
-10
Let u(l) = l**2 - 3*l - 9. Calculate u(-4).
19
Let d(c) = -c**3 - c**2 - c - 2. Give d(-2).
4
Let t(u) = u**2 - 10*u + 28. What is t(3)?
7
Let w(v) = -22*v + 138. What is w(6)?
6
Let z(t) = 4*t**3. Determine z(2).
32
Let n(t) = -t**2 + 11*t - 16. What is n(9)?
2
Let w(j) = j**2 - 18*j - 69. Calculate w(20).
-29
Let t(b) = -b**2 - 3*b - 1. Determine t(-1).
1
Let i(k) = -22*k**3 - k**2 - k. Give i(-1).
22
Let l(o) = o - 17. Determine l(18).
1
Let q(v) = v**3 - 7*v**2 + 5*v + 13. Calculate q(7).
48
Let y(d) = -2*d**3 - 2*d**2 - d + 1. Determine y(-2).
11
Let w(p) = -p**3 - 13*p**2 + 15*p + 16. Calculate w(-14).
2
Let r(v) = 2*v**3 - 16*v**2 + 11*v + 20. What is r(7)?
-1
Let f(w) = 3*w**3 - 8*w**2 + 7*w - 9. What is f(2)?
-3
Let m(s) = -16*s + 5. Determine m(1).
-11
Let u(k) = k**2 + 19*k + 86. What is u(-12)?
2
Let l(u) = -3*u**3 + 3*u**2 - 3*u + 5. Calculate l(2).
-13
Let r(q) = -q**2 - 5*q - 25. What is r(0)?
-25
Let y(u) = 7*u**3 - 2*u**2 - 3*u - 2. Give y(-1).
-8
Let s(j) = -2*j**2 - 36*j + 23. Calculate s(-19).
-15
Let a(w) = -12*w + 12. What is a(8)?
-84
Let n(g) = -g**3 + 11*g**2 - 9*g + 7. What is n(10)?
17
Let r(t) = -5*t**2 - 2*t + 1. Give r(-1).
-2
Let x(a) = 2*a**2 + 126*a - 7. Calculate x(-63).
-7
Let q(x) = 3*x**3 - 38*x**2 - 14*x + 7. What is q(13)?
-6
Let r(v) = -3*v**3 - 9*v**2 - 1. Give r(-4).